 Suppose -3*p - 55 = -t, 2*t - d = -t - 2*p. What is the units digit of t?
4
Suppose 0*w + 5 = w. Suppose 0 = -5*g + 4*g - 3*l - 7, -5*g - 5 = w*l. Suppose -200 = -g*n - 3*n. What is the tens digit of n?
4
Let b = -62 - -144. Suppose b = -3*d + 559. What is the units digit of 1/(-2 + 321/d)?
3
Suppose 4*p = -5*y + 67, 15 = p + 4*p. Let h = 6 + y. What is the tens digit of h?
1
Suppose 2*p = 6*p + 4*k - 6732, 0 = 3*p + 4*k - 5053. What is the tens digit of p?
7
Let a(m) = m - 17. Let f(t) = -t + 17. Let r(d) = 6*a(d) + 7*f(d). Let w be r(14). Suppose 2*i - 82 = 5*o, 114 = w*i - o - 2*o. What is the tens digit of i?
3
Suppose 39*g - 4026 = 9585. What is the tens digit of g?
4
Suppose 8 + 8 = 2*g. Suppose -3*k = k - g. Suppose -5*t + 5*s = -k*t - 56, 0 = s - 2. What is the units digit of t?
2
Let g(m) = -2*m**3 + 5*m**2 - m. Let d be g(2). Let h(s) = 20*s - 6. What is the units digit of h(d)?
4
Let j(a) = -18*a - 42. Let l be j(20). Let y = l + 663. What is the units digit of y?
1
Let a(g) = -10*g - 17. Let h be a(10). Let k = -59 - h. What is the units digit of k?
8
Suppose 0*p = 4*p + 288. Let u = -37 - p. What is the tens digit of u?
3
Let o = -3372 + 4856. What is the units digit of o?
4
Suppose -a - 20 = 3*a. Let p = 24 + a. What is the units digit of p?
9
Let f(w) = -w**3 + 3*w**2 + w - 6. Let a be f(0). Let m(o) = -4*o - o**3 + 0*o - 3*o**2 - 3*o**2 - 2. What is the tens digit of m(a)?
2
Let p = -24 + 27. Suppose p*n + 279 = 6*n. Suppose k - n - 1 = -5*t, 5*t - 4*k = 74. What is the tens digit of t?
1
Let u = 8 + 0. Let m = u - 4. Suppose 32 = m*f + 4. What is the units digit of f?
7
Let d = -10 + 9. Let u be 46 + d + 2 + 1. Suppose 0*s - u = -2*s. What is the tens digit of s?
2
Let j(n) = n - 4. Suppose 4*u = c + 23, 0 = u + c - 2*c - 5. Let l be j(u). Suppose -2*t + 43 - 11 = -3*y, 3*t - 74 = -l*y. What is the tens digit of t?
2
Let t(s) = 10*s + 3. Let r be t(6). Let l(v) = 6*v**3 - 2*v**2 - 6*v + 1. Let c be l(4). What is the units digit of c/r + (-4)/18?
5
Let p(q) = -3574*q + 253. What is the tens digit of p(-1)?
2
What is the tens digit of (-4)/(-44) + (139584/66 - 2)?
1
Let s(g) = -60*g + 205. What is the units digit of s(-7)?
5
Suppose b = -2, 5*y - 17 = -b + 1. Suppose -y*m = 16, -2*n - 3*n = 2*m - 72. What is the tens digit of n?
1
What is the tens digit of 659 + (44/(-55))/(8/(-20))?
6
What is the hundreds digit of 1 - (4/26 + (-135522)/234)?
5
Let a(y) be the third derivative of y**5/30 + y**4/6 + y**3/2 - 15*y**2. What is the tens digit of a(-6)?
5
Suppose -4 - 4 = -4*x. Suppose 0 = f - 2*f - x*t + 21, 4*f - 2*t - 54 = 0. Suppose -3 = 3*d - f. What is the units digit of d?
4
Let s = -31 + 46. Let a = -9 + s. Let i(x) = -x**2 + 9*x - 7. What is the units digit of i(a)?
1
Suppose 0 = -5*v - 30 - 25. Let x(g) = -g**2 - 10*g - 13. Let z be x(v). What is the tens digit of -24*3*4/z?
1
What is the units digit of (0 - 8)*4/(8/(-13))?
2
Let w(d) = 800*d**3 + 3*d**2 + 2*d - 4. What is the tens digit of w(1)?
0
Let j(w) = -272*w - 356. What is the units digit of j(-13)?
0
What is the tens digit of (-27)/6*(-3038)/21?
5
Suppose -195*d + 3834 = -193*d. What is the units digit of d?
7
Let o = 134 - -88. What is the units digit of o?
2
Suppose -4*w - 3*v + 162 = -w, 3*v = w - 50. Suppose -5*a = -3*a. Suppose 5*p = -0*p + 3*q + 41, 5*p + q - w = a. What is the units digit of p?
0
Let m(b) = -57*b + 53. Let w be m(-8). Suppose 835 = 12*q - w. What is the units digit of q?
2
What is the units digit of -4 - (-8 + -4920)/(3 + -2)?
4
Suppose 6*t - 3*p - 4 = 2*t, -2*p = -2*t. What is the tens digit of 8935/105 + t/(-42)?
8
Let n(i) = -i**2 + 13*i - 9. Let b be n(12). Suppose -2*l = -2*x - 128, b*x + 11 = -4. What is the tens digit of l?
5
Let g = 4 + -2. Let a(k) = 2*k - 2646*k**2 + 0*k + 2655*k**2. What is the units digit of a(g)?
0
Suppose -8*v + 6*v + 600 = 0. What is the hundreds digit of v?
3
Suppose 4*r = 20, l = 2*l + 5*r - 429. What is the units digit of l?
4
Suppose 0 = 2*i + 5*c + 11, i + 28 = -2*i + 4*c. Let d(j) = 2 + j**2 - 1 + j + 3*j. What is the tens digit of d(i)?
3
Let n(g) be the first derivative of g**4/4 - g**3 + 2*g**2 - 2*g + 5. Let h be n(2). What is the tens digit of 50/h*(-12)/(-12)?
2
Suppose -3*q - 2*n = -18281, 3*n - 7*n - 20 = 0. What is the thousands digit of q?
6
Let y be -2 - 8/((-2)/1). Let p(s) = 2*s**2 + 1 - y*s**3 + 0 + s - 4*s**2. What is the units digit of p(-2)?
7
Suppose 2*q - u + 4 + 0 = 0, 0 = q + 4*u - 7. Let f be q/(-5) - (-28)/10. Let y = 19 - f. What is the tens digit of y?
1
Let b = 79 - -218. What is the hundreds digit of b?
2
Suppose -3*s - 5 + 18 = 2*x, 0 = -x + 2. Suppose j = 5*f + 66, 2*f = 4*j - s*f - 309. What is the tens digit of j?
8
What is the tens digit of (18/8)/3 + (-403704)/(-96)?
0
Suppose 0 = 4*y + s - 23101, 2*y = -0*y - 5*s + 11537. What is the thousands digit of y?
5
Suppose -5*p - 4*d = -8*d - 2630, 2*p = 4*d + 1064. What is the units digit of p?
2
Let x be 2/(2/3) - -15. Let p be x/5 - 14/(-35). Suppose 0*h + 5*k + 264 = p*h, -4*k = -2*h + 138. What is the units digit of h?
1
Suppose 7 - 7 = 6*i. Suppose 0*l + l = z - 31, i = -4*z + 2*l + 134. What is the tens digit of z?
3
Let f be 6/(-2) - (5 + 0). Let x(b) = -b - 3. Let z be x(f). Suppose 76 = -z*s + 7*s. What is the units digit of s?
8
Let f(p) = 1 - 66*p**3 + 8 - 2*p**2 - 8. What is the tens digit of f(-1)?
6
Let p(x) = 5*x**2 + 4*x + 485. What is the tens digit of p(0)?
8
Let l(u) = 321*u + 4. What is the units digit of l(1)?
5
Let p(k) = -44*k + 49. Let w(f) = 15*f - 16. Let n(a) = -3*p(a) - 8*w(a). What is the units digit of n(15)?
1
Let k be 36 + (0/2)/3. Suppose k = -4*z - 0*z. Let u = 3 - z. What is the tens digit of u?
1
Let r be (-6484)/24 + 3/18. Let w = 390 + r. What is the hundreds digit of w?
1
Suppose -4*r = r + 20. Let q be (r + 4)/(3 - 1). What is the units digit of 54 - ((-1)/(-1) - q)?
3
Let z be (-11)/((-88)/56) - (1 + 3). Let g = -1 - -1. Suppose -3*a - z = g, 3*q = q - 2*a + 54. What is the tens digit of q?
2
Let g(h) = 52*h**2. Let n = -2 - -21. Let r = n + -18. What is the units digit of g(r)?
2
Suppose 3*w = w - 58. Let l = -2 - w. What is the tens digit of l?
2
Let l(o) be the third derivative of -o**6/60 - o**5/15 - o**4/6 - 7*o**3/6 - 4*o**2. What is the units digit of l(-5)?
3
Suppose -2*z - 3*i = -3810, 4*z - 2812 = 5*i + 4786. What is the tens digit of z?
0
Let n(o) be the third derivative of o**5/15 - o**4/12 - 2*o**3/3 - 2*o**2 + 13*o. What is the units digit of n(9)?
2
Let u = 19 - 7. Let j = u - 16. What is the units digit of 32/28*(-14)/j?
4
What is the tens digit of 2/(-17) - (-413266)/833?
9
Let d be (0 - 0)*(0 - 2/6). Suppose -4*o = -3*h - 205 - 149, d = 3*o - 4*h - 262. What is the tens digit of o?
9
Let h(w) = 3*w + 9. Let i be h(-8). Let r = -12 - i. Suppose -101 = -r*k + 130. What is the tens digit of k?
7
Let q(h) = 10*h**2 + 10 - 3*h**2 + 127*h**3 + 14*h - 128*h**3 + 4. What is the tens digit of q(7)?
1
Suppose 2*j = -o - 1 + 7, 3*o = -2*j + 14. What is the tens digit of 34/o*((-2 - -2) + 2)?
1
Suppose 3*n + 5*o + 18 = 3*o, -2*n - 17 = 3*o. What is the tens digit of (-2)/n*(9 - -265)?
3
Suppose -3*x + 987 = -f, -x - 2*x - 2*f = -978. What is the hundreds digit of x?
3
Suppose 30 = -3*q + 27. What is the units digit of 20 - -88 - (q*1 + 3)?
6
Suppose 3*c = 13*c. Suppose c = y - t - 181, -3*y + 5*y + 5*t = 383. What is the hundreds digit of y?
1
Suppose -168 = 98*w - 106*w. What is the units digit of w?
1
Let b(a) = -9 - 13*a + 12*a + 68. What is the tens digit of b(0)?
5
Suppose 5*h + 2 = -13. Let k = 42 + -52. Let c = h - k. What is the units digit of c?
7
Suppose -6*z + 3 = -3*z. Let r be (2/4)/(16/1408). What is the tens digit of (-3 - (z + -2)) + r?
4
Let w be (0 - -5)*(4 + -5). What is the tens digit of ((-6)/w)/((-10)/(-675))?
8
What is the hundreds digit of (-8)/(-3) - (-505492)/156?
2
Let i be (48/20)/((-3)/40). Let k be (i/(-12))/(-2)*3. What is the units digit of 7/k*(1 - 5)?
7
Suppose -5*m = -4*d + 41 - 8, 0 = -5*d + 4*m + 30. Let c(n) = 15*n - 2. Let q be c(d). Let a = q - 19. What is the units digit of a?
9
Let h(s) = 3*s**2 + 5*s - 6. Let g be -3 - (4 - (4 + 3)). Suppose g*p = -3*p - 15. What is the units digit of h(p)?
4
What is the tens digit of (69/2)/((-18)/(